 168374 + 136598 = 57522. What is the tens digit of u?
5
Let i(j) = 3*j**3 + 2*j**2 - 10*j - 3. Suppose -3*l = -22 + 7. Let n be i(l). Suppose 6*x - 372 = n. What is the hundreds digit of x?
1
What is the hundreds digit of 18696*(((-1935)/(-20))/9 + -10)?
0
Suppose 35 - 27 = 4*x. Suppose 3*r = -0*r + 5*p - 11, 8 = x*p. Suppose 0 = r*j + m - 87, 0 = -3*j + 6*m - m + 87. What is the units digit of j?
9
Suppose 0 = -d - 8*l + 6*l - 17, -3*d + 3*l = 42. Let h(x) = x**2 + 8*x + 21. What is the tens digit of h(d)?
2
What is the thousands digit of 9 - (-9)/(162/387594)?
1
Let h = -11646 + 20096. What is the thousands digit of h?
8
What is the ten thousands digit of 15/(-9) - 500710/(-42)?
1
Let x(w) = w**3 + 9*w**2 + 14*w + 8. Suppose 0 = 7*p - 3*p + 4*f + 152, 142 = -4*p - 2*f. Let o be (-2)/6*14 + 11/p. What is the tens digit of x(o)?
3
Let t(b) = 323*b - 1067. What is the hundreds digit of t(6)?
8
What is the hundreds digit of 14673*4*((-78)/(-36))/13?
7
Let s(x) = -7*x**3 + 10*x**2 + 3*x + 38. Let h(m) = 6*m**3 - 10*m**2 - 2*m - 39. Let w(i) = 6*h(i) + 5*s(i). What is the hundreds digit of w(14)?
7
Let k be (48/(-112))/((-2)/14*1). Suppose -k*s + 12*s - 1692 = 0. What is the hundreds digit of s?
1
Let x = -13703 - -24441. What is the hundreds digit of x?
7
Suppose 5*d = n + 663, 0*n - 264 = -2*d + n. Suppose 91 = 4*a - d. Let h = -46 + a. What is the tens digit of h?
1
What is the hundreds digit of (-142048)/(-12) + (5/(-60) - 1/4)?
8
Let r(y) = y - 3. Let n be r(6). Suppose 0 = n*i - z - 13, i = -i - 2*z + 6. What is the tens digit of -2 + -1 + 66 + i?
6
Let m = -27181 + 47698. What is the thousands digit of m?
0
Let b = -6000 - -14356. What is the hundreds digit of b?
3
Let k be (-42)/(-168)*(-2 - -2). Suppose k = 8*r - 5499 - 1613. What is the units digit of r?
9
Let p be (-3)/33 + (-43)/11. What is the tens digit of 12/((-660)/(-15115)) - p/22?
7
Let q be ((-4)/(-2))/((-1)/((-2)/(-4))). Let t be (q - -1) + -1 + 1. Suppose 6*k + 3*k - 1116 = t. What is the hundreds digit of k?
1
Let h be ((-12)/(-10))/((-3)/35). What is the hundreds digit of (12 - (-28032)/(-112))*h/4?
8
Let k(b) = 34*b - 12. Let s be k(2). Let v = s + -51. Suppose -13*y + 8 = -v*y. What is the units digit of y?
1
Let z be (-13)/(-4) - (-70)/(-280). Suppose 3*d = -3*c + 1758, -5*d + z*c + 2587 = -375. What is the tens digit of d?
9
Suppose 2*k - 2*y = 34158, -72039 = -4*k - 4*y - 3715. Suppose 9*l - 23*l + k = 0. What is the units digit of l?
0
Let r be (-1 + (-13)/2)*7280/(-210). Let i = r + -27. What is the hundreds digit of i?
2
Suppose -3*u - 5*r = -33 + 5, -2*r + 16 = 2*u. Let j be ((-42)/(-6) - 4)/(u/116). Suppose 5*l + j = 493. What is the units digit of l?
7
Suppose -297*v = -1718433 - 585693. What is the tens digit of v?
5
Let f be (-8)/2*2*-73. Let a be ((-6)/6 - 409) + -6. Let c = f + a. What is the tens digit of c?
6
Let l(g) = -33*g + 14. Let u be l(7). Let a = u - -329. What is the units digit of a?
2
Let h = 8155 + -1337. What is the units digit of h?
8
Let i(x) = x**3 + x**2 + 2*x + 4. Let y be i(-3). Suppose 10*s - 17*s = 3990. What is the units digit of (s/y)/((-1)/(-2))?
7
Let t = -90651 + 139235. What is the units digit of t?
4
Let d(w) = -54*w - 84. Let f be d(3). Let j = f - -364. What is the tens digit of j?
1
Let y(l) = 429*l**2 - 19*l - 124. What is the tens digit of y(-8)?
8
Suppose 3*i + 27 = 33. Let c(z) = z**i - 2 - 2 - 18 - 4*z - 10. What is the units digit of c(17)?
9
Let x(c) = -647*c + 421. What is the thousands digit of x(-11)?
7
Let s be (-37)/(-7) + 1 + 36/(-28). Suppose s*k + 144 = -3*k. What is the tens digit of ((-201)/18*4)/(6/k)?
3
Let t(i) = -8*i**2. Let a be t(1). Let l(h) = 56*h - 170. Let w be l(3). What is the units digit of ((-42)/(-16)*w)/(1/a)?
2
Let z = -23 + 25. What is the units digit of (z/6)/((-4)/(-1884))?
7
Let m be 7*(3/1 - (-6 - -8)). Suppose -m*g = -30 + 9. Suppose g*h = -a + 27 + 66, 5*a + 155 = 5*h. What is the tens digit of h?
3
Let d(l) = -l**2 + l + 10. Let i be d(0). Let u = i + 82. Suppose -3*b = -b - 5*y - 11, 0 = 4*b + 4*y - u. What is the units digit of b?
8
Let c(q) = 109*q + 57*q - 196 - 53*q. What is the tens digit of c(7)?
9
Let s(q) = -q**3 - 13*q**2 + q + 13. Let j be s(-13). Suppose 2 = -j*g - g. What is the tens digit of (86 + g - -1) + 1?
8
Let m(x) = 4*x + 1. Let o be m(10). Suppose 0 = 5*k + 11 - o. Suppose 36*v - k = 35*v. What is the units digit of v?
6
Let o be (4 + -3)*(-1 + 423). Let n = o - 282. What is the tens digit of n?
4
Let n(g) = 160*g**2 + 11*g + 20. Let h be n(15). Suppose 35*m = 3540 + h. What is the tens digit of m?
3
Let a be (-2)/(-4) + 214839/54. Suppose -39*w - a + 23167 = 0. What is the hundreds digit of w?
4
Suppose 3*n + 24820 = 4*v, -4*v - 27*n = -22*n - 24820. What is the units digit of v?
5
Suppose 5*y = -2*z + 19, -5*z + 2*z + 21 = 5*y. Let n be 366/(-12) - z/(-4). What is the tens digit of (-1684)/(-24) - (-5)/n?
7
Let r = -8441 - -26889. What is the thousands digit of r?
8
Let u(s) = -2093*s**3 + 48*s**2 + 126*s - 38. What is the hundreds digit of u(-3)?
5
Suppose 8 = -3*n + 5. Let f be (n - (0 + 3)) + 9. Let v(r) = 2*r**2 + 13. What is the units digit of v(f)?
3
Let g be (-2)/((32/(-14008))/2). Let j = g - 1132. What is the units digit of j?
9
Let i(g) = 50*g**3 - 17*g**2 + 143*g - 26. What is the hundreds digit of i(9)?
3
Suppose -60*c = -70*c + 1220. Suppose 4*o + s - c - 586 = 0, -16 = 4*s. What is the tens digit of o?
7
Let h(d) = 3*d**2 - 26*d - 3. Let l be h(9). Suppose 4*g = l*b - 3*b - 1509, 3*b - 1509 = -3*g. What is the tens digit of b?
0
Suppose -123*x = -24*x - 72672 - 28011. What is the units digit of x?
7
Suppose -9*r + 69 = 15. Let l(o) = -o**3 + 8*o**2 - 7*o - 9. Let i be l(r). Let y = i - -15. What is the tens digit of y?
3
Let h(f) = f**2 - 10*f + 9. Let x = 8 + 1. Let l be h(x). Suppose -5*c - 4*u - 48 + 443 = l, -4*c + 4*u + 280 = 0. What is the units digit of c?
5
Let t(u) = 2*u + 6 - 2 + u**3 + 0*u**3 - 3*u**2 + 4. Let x be t(6). Suppose x = -11*h + 2317. What is the hundreds digit of h?
1
Let k(z) = 11*z + 20. Let n(r) = -3*r**2 - 13 + 3*r**2 + 4*r**2 - 2*r**2 + r. Let b be n(-4). What is the tens digit of k(b)?
8
Let z be (36/(-45))/1 - 184/(-5). What is the tens digit of ((-390)/(-52))/(2/z)?
3
Suppose u = 1, -4*x - 4*u = -78470 + 16506. What is the ten thousands digit of x?
1
Suppose -10*u = 63*u - 1091642. What is the thousands digit of u?
4
Let d(c) = 23*c**2 + 20*c - 177. What is the tens digit of d(10)?
2
Let c(o) = 4*o - 28. Let h be c(8). Suppose 3*x - 3*j - 1878 = 0, -5*j + h*j + 618 = x. What is the hundreds digit of x?
6
Suppose -2*q + 7*q + 4*l + 1838 = 0, -5*l = q + 376. Let c = 614 + q. What is the hundreds digit of c?
2
What is the thousands digit of -25*(-1464)/(-240)*1212/(-10)?
8
Let k = -101 - -98. Let c(v) = -2*v - 9. Let a be c(3). What is the hundreds digit of (-349)/k + (-10)/a?
1
Let u = 5106 - 2981. Suppose u = 8*t - 443. What is the units digit of t?
1
What is the thousands digit of (-4 + (16 - 10))*(-7754)/(-4)?
3
Let p(s) = -9*s**3 - 36*s**2 + 287*s + 53. What is the thousands digit of p(-17)?
8
Let c(p) = -45 + 834*p**2 + 99*p**2 - p + 10*p**2 + 48. What is the tens digit of c(1)?
4
Let y(w) = 28*w**2 + 2*w - 3. Let q be y(1). Let u = -28 + q. What is the units digit of (-1 + 1 - u)*71?
1
Let f(c) = 9*c**2 - 29*c + 34. Let d(z) = -5*z**2 + 14*z - 17. Let j(t) = -5*d(t) - 3*f(t). Let s be j(7). Suppose s*x = x + 228. What is the tens digit of x?
7
Let x(r) = r + 9. Let q be x(-6). Suppose -106 + 96 = -23*i + 82. Suppose -539 = -2*k + q*s, k - i*s = 295 - 13. What is the units digit of k?
2
Suppose -2*o - 5*t + 11122 = 0, -4*t = 2*o - 1826 - 9298. What is the units digit of o?
6
Suppose -284*f = 23*f - 1378777 - 1263879. What is the hundreds digit of f?
6
Suppose 0 = 3*s - 4*v - 219466, -4*s + 321754 = -4*v + 29134. What is the tens digit of s?
5
Let n(m) = -146*m - 244. What is the hundreds digit of n(-6)?
6
Let s = -6112 - -20238. What is the tens digit of (8 - s/(-63)) + 4/(-18)?
3
Suppose 0 = 32*c - 29*c. Suppose -18*r + 12*r + 72 = c. What is the hundreds digit of 1880/r*(-18)/(-15)?
1
Let u = 2 - 2. Suppose 5*p = -3*m + 72, 7*m + 44 = 4*p + 6*m. Suppose -54 = -u*c - 2*c + 3*g, 0 = -3*g - p. What is the unit